)?
6
Let p(x) = 4*x + 5. Suppose i + 2*k + 3 - 5 = 0, 3*i = 5*k + 50. Calculate the remainder when p(8) is divided by i.
7
What is the remainder when (-3 + 1)/((-2)/7) is divided by 4?
3
Suppose 10*q - 15*q = -170. What is the remainder when q is divided by (-2)/(-7) + (-82)/(-7)?
10
Suppose 4*y - 5*u = 1, -1 = 4*y + 2*u + 5. Let b(f) = f - 1. Let k be b(y). Let z = 0 - k. Calculate the remainder when 2 is divided by z.
0
Suppose -3*j - 10 = -8*j. Let c(h) be the first derivative of h**4/4 + 2*h**3/3 + h**2/2 - 1. Calculate the remainder when c(j) is divided by 10.
8
Let r(o) = o**3 + 8*o**2 + 7*o. Let f be r(-7). Suppose -2*j + j + 29 = f. What is the remainder when j is divided by 10?
9
Suppose -3*n = z - 25, -46 = 4*z - 6*z - 2*n. Let a = 46 - z. Calculate the remainder when a is divided by 13.
11
Let z be 3/6 + (-2)/4. Let v be -28 + (z - (0 + -3)). Let k = v + 35. What is the remainder when 19 is divided by k?
9
Calculate the remainder when 3/(3 + -6) + 52 is divided by (2 + -3 - -14)*1.
12
Suppose 0 = 5*f - 6*f + 3*a - 24, -5*f + a = 50. Let o = 2 - f. Calculate the remainder when 30 is divided by o.
8
Let x be 6/2 - (-2 - -4). Let y be ((-25)/(-10))/(x/2). Suppose 0 = -0*o + y*o - 115. Calculate the remainder when o is divided by 12.
11
What is the remainder when 21 is divided by 7 + (1 - 0)/1?
5
Let r(i) = 9*i + 1. Calculate the remainder when 58 is divided by r(1).
8
Let m = 11 + -9. Suppose 1 + 5 = m*o. Calculate the remainder when o is divided by 3.
0
Let c(u) = -u + 1. Suppose l + 0*l = 3. Suppose 5*p + l*i = 82, -2*p + 48 = 2*i + 3*i. Calculate the remainder when p is divided by c(-3).
2
Suppose 6*n = -1 + 61. Let c = n - 0. Suppose 5*w - 66 = 29. Calculate the remainder when w is divided by c.
9
Suppose -4*l + 0*l + 88 = 5*c, c - 72 = -4*l. Calculate the remainder when 66 is divided by l.
15
Let x(h) = 4*h - 4. Calculate the remainder when 7 is divided by x(2).
3
Suppose -2*v = -5*c - v + 27, 3*v + 21 = 3*c. Suppose -5*s = -4*t + 15, -c*t + t + 18 = -2*s. Calculate the remainder when 2 is divided by s.
0
Let v(b) = 4*b**2 - 3*b**2 + 0*b**2 - b + 2*b**2 + 1. What is the remainder when 32 is divided by v(2)?
10
Let f(u) = -u**3 - 4*u**2 - 6*u - 1. Let o(x) = -x**3 + 6*x**2 + 3. What is the remainder when f(-5) is divided by o(5)?
26
Let c(m) = 7*m. Calculate the remainder when ((-4)/(-5))/(14/455) is divided by c(1).
5
Let a(r) be the second derivative of r**5/20 - r**4/12 + r**3/6 + 4*r**2 + r. Calculate the remainder when a(0) is divided by 4/(-2) + 8 + -1.
3
Let u(t) = t - 3. Suppose 7*g - 30 = 2*g. What is the remainder when 5 is divided by u(g)?
2
Let z(c) = 2*c**2 - 19*c - 3. What is the remainder when 25 is divided by z(10)?
4
Let y(l) = -l**3 + 4*l**2. Let q be y(3). Calculate the remainder when 29 is divided by 3/(q/6) - -8.
9
Suppose -5*a + 27 = -383. What is the remainder when a is divided by 28?
26
Let t = 35 + -20. Let q = -4 + t. Calculate the remainder when q is divided by (0 - 15)*2/(-5).
5
Suppose 7*i - 3*i - 2*a - 48 = 0, -4*a = 3*i - 25. Let y = 11 + i. What is the remainder when y is divided by 8?
6
Let p = -86 + 104. What is the remainder when 53 + 1 + 1*-2 is divided by p?
16
Suppose f + 10 = -5*z, -3*f = -f - 5*z - 25. Let q(j) = j. What is the remainder when q(f) is divided by (-3)/6 + (-14)/(-4)?
2
Let c = 11 - -3. Let d(q) be the first derivative of -q**4/4 - q**2/2 + 27*q - 2. What is the remainder when d(0) is divided by c?
13
Suppose -4*x + 1 = -u - 0*x, -3*u + 5*x + 18 = 0. Suppose 3 = -2*m + u. What is the remainder when 14 is divided by m?
2
Suppose -4*n + 10 = 2. Let a = n - -5. Calculate the remainder when (-4)/(-28) - 76/(-7) is divided by a.
4
Let q = 6 + 6. Suppose 0*g + q = 2*g. Calculate the remainder when 16 is divided by g.
4
Suppose -5*n = 4*h - 65, -2*n + 2*h = 3*h - 29. What is the remainder when 21 is divided by n?
4
Let j(s) = s**2 + 11*s + 35. Let t be j(-15). Let o = -47 + t. What is the remainder when o is divided by (1/1 - 18)*-1?
14
Let t = 49 + -21. What is the remainder when 83 is divided by t?
27
Suppose -5*x = h + 4, 2*h - 4 = -4*x + 6. Suppose -s + 0 + 18 = 0. Calculate the remainder when s is divided by h.
7
Let r(j) = 2*j - 6. Calculate the remainder when r(9) is divided by 2.
0
Suppose 4*s - 20 = 0, -k + 4*s = 5*s - 8. Let q = -2 - -5. Calculate the remainder when (2 + q)*(0 + 1) is divided by k.
2
Let u(w) = -w**3 - 4*w**2 + 8*w + 5. Let k be u(-5). Let c = k - -77. What is the remainder when c is divided by 14?
11
Let c = 206 + -170. Calculate the remainder when c is divided by 20.
16
Suppose -3*z + 15 = 2*z. Let t be z/12 + 3/(-12). Suppose 0*s + 2*s - 28 = t. Calculate the remainder when 25 is divided by s.
11
Suppose -q + 4 = -2*z - 24, -4*q - 2*z + 102 = 0. Suppose q + 19 = 3*c. What is the remainder when 29 is divided by c?
14
Suppose 0*h + 22 = 2*v + 3*h, 0 = 4*v - 4*h - 64. Calculate the remainder when v is divided by 6.
2
Suppose 0 = 2*o - 122 - 178. Calculate the remainder when o is divided by 38.
36
Let g(m) = 7*m + 1. Let n(l) = -14*l - 2. Let s(j) = 11*g(j) + 6*n(j). Suppose 2*i - 3 = 7. Calculate the remainder when s(-2) is divided by i.
3
Let g = 32 - 19. Let q = -5 + 5. Suppose 2*c + 3*b - 15 = 11, b - 4 = q. Calculate the remainder when g is divided by c.
6
Suppose -13*l + 4 = -48. Calculate the remainder when 12 is divided by l.
0
Let u = 149 + -96. Suppose -27 = -5*v + 63. Calculate the remainder when u is divided by v.
17
Suppose 3*h = 71 - 23. What is the remainder when h is divided by 9?
7
Suppose 0*y + 2*y = 356. Calculate the remainder when y is divided by 36.
34
Let x = 19 - 10. Let i = -4 + x. What is the remainder when 16 is divided by i?
1
Let q(j) = j**2 + 5*j + 6. Suppose 2*p + 11 = 3*p. Let a = 27 - p. Calculate the remainder when a is divided by q(-5).
4
Let j = -11 - -29. Calculate the remainder when 69 is divided by j.
15
Let a = 124 - 70. Suppose -z + a = 2*z. What is the remainder when 51 is divided by z?
15
Let l(f) = 0 + 2 - f**2 + 0 + 5*f. Let c be l(5). Suppose -c*r = -6*r + 24. Calculate the remainder when 11 is divided by r.
5
Suppose 2*l + r - 40 = -2*l, -5*l + 5*r + 75 = 0. Calculate the remainder when l is divided by 3.
2
Let x(w) = 3*w + 6 - 11 - 7. What is the remainder when x(9) is divided by 4?
3
Let k(f) = f**3 - 8*f**2 + 2*f - 12. What is the remainder when 10 is divided by k(8)?
2
Let m = -7 + 9. Suppose j + m*j = 528. What is the remainder when 40 is divided by -1*1 - j/(-8)?
19
Let b = 7 - 7. Suppose -3*c - 5*u - 11 = b, u = -3*c - 3*u - 7. Suppose c*f = f + 28. What is the remainder when 54 is divided by f?
12
Suppose -4*g - 1 + 9 = 0. Suppose 0 = -g*o - 3*o + 75. What is the remainder when 58 is divided by o?
13
Suppose -12*p + 10*p - 162 = 0. What is the remainder when 79 is divided by (p/2)/(-3)*2?
25
Let s = 40 + -17. Suppose 5*q - 5*n = 85, -5*q - 2*n - s = -101. Calculate the remainder when 46 is divided by q.
14
Suppose -5 = -3*f + 2*f. Let p(y) = -y**3 + 4*y**2 + 4*y - 1. Let q be p(f). What is the remainder when 19/(-1 - 9/q) is divided by 13?
12
Let z(j) = 7*j + 61. What is the remainder when 24 is divided by z(-7)?
0
Suppose -7*b + d - 35 = -9*b, 4*d + 20 = 0. What is the remainder when 56 is divided by b?
16
Let i(k) = 17*k + 5. Calculate the remainder when i(3) is divided by 1 - (-16 - (-4)/(-2)).
18
Let c = 212 - 210. Let b(o) = -o**2 - 5*o - 4. Calculate the remainder when b(-3) is divided by c.
0
Let y = 96 + -38. Suppose -2*c + y = -0*c. Calculate the remainder when c is divided by 15.
14
Suppose 2*v - 5*v - 4*t = -120, -3*t - 53 = -v. What is the remainder when v is divided by 15?
14
Suppose -3*a + 9 = -0. Let t(l) = -9*l**2 - 3*l**2 + 0*l + 3*l**3 + 9 - 2*l**a + 11*l. What is the remainder when t(11) is divided by 6?
3
Let l(m) = 14*m + 5. Let o(j) = 70*j + 26. Let c(b) = -11*l(b) + 2*o(b). Calculate the remainder when c(-2) is divided by 14.
11
Let f(b) = -b**3 + 4*b**2 + 6*b - 2. What is the remainder when 87 is divided by f(4)?
21
Let k = -1 + 1. Suppose 2*g + k = 24. Calculate the remainder when 46 is divided by g.
10
Let w = -4 - 13. Let j = -12 - w. Let k(g) = g**3 - 6*g**2 + 7*g - 1. What is the remainder when 33 is divided by k(j)?
6
What is the remainder when (-2)/4*(-6 - 2) is divided 